1 + -3 + 7.
1
Evaluate (-278 - -261) + (-1 - -1).
-17
What is the value of -1 - -1 - (37 + -63 - -18)?
8
Evaluate 18 + 0 + 4 + (50 - 100) + 47.
19
Evaluate (497 - 478) + (0 - 1 - -1).
19
Calculate -20 + (-1 - -1) + 17 + -11.
-14
Calculate 0 + (-23 - (31 + -49)).
-5
Evaluate 5 + 2 - (-31 - -35).
3
What is the value of 13 - (-1 - 12 - (-10 + -4))?
12
Evaluate (1 - -7) + -1 - (-16 + (16 - -12)).
-5
-6 + -9 + -10 + 13
-12
Evaluate (-465 - -475) + -3 + 1.
8
-4 + -2 + 6 + 10 - (-3 + 1)
12
What is the value of -6 - (11 + (20 - 35))?
-2
-14 + 14 - -4 - (7 + -3 + 2)
-2
Evaluate 5 - ((7 - -6) + 2 + -17).
7
Calculate ((-10 - -17) + -9 - -12) + (-3 - 0).
7
Calculate 14 - (-15 + 34 - -17) - -15.
-7
Evaluate -1 - ((-22 - -10) + 3).
8
11 - -1 - (-27 - -49)
-10
Calculate 61 + -74 + -1 + 5.
-9
Evaluate (-1 - 8) + 26 + -18 + 1 + 12.
12
What is the value of -18 + (-1 + 1 + -2 - (-131 + 127))?
-16
Evaluate (14 - (3 + -4)) + -6.
9
Calculate (-6 + -2 - -5) + 7 - 8.
-4
Calculate -17 - (17 + -14 - (0 + 9)).
-11
What is 49 + (-8 - 50) + (14 - 2)?
3
Evaluate (11 - -2) + -4 + -16.
-7
Calculate 1 + (-1 - (7 + -2 - 8)) - 0.
3
-7 - (6 - 11) - (-2 - -4)
-4
3 - (-1 - (8 - 0) - -5)
7
Calculate 5 + (-6 + (0 - 3) - 0).
-4
What is the value of -212 + 216 - (8 - 4)?
0
Calculate 3 - (-19 + 39 + -25).
8
(157 + -172 - (-9 - -1)) + 4
-3
What is 0 + 5 - ((8 - 3) + -9)?
9
17 + -38 + -12 + 15
-18
Calculate 14 + (-3 - 18) + 29.
22
Calculate 8 - (-14 - (-5 - -9 - 5 - 6)).
15
What is -15 - (1 - (37 + -11))?
10
What is the value of (-124 - -126) + (-11 - -1) - (-4 + 3)?
-7
Evaluate (-20 - -28) + -16 - ((-4 - -3) + 1).
-8
Calculate (17 - 15) + -11 + 9.
0
What is the value of -24 + -3 + (39 - 12)?
0
What is -4 + 2 + 2 - (199 + -193)?
-6
What is (-7 - (11 - 21)) + -13?
-10
Evaluate 17 + 19 + (-4 - -3 - (-1 - -9)).
27
What is the value of (3 - -7 - 5) + 10 + (-4 - 9)?
2
What is 10 + -8 + 8 + -8?
2
Calculate 5 - 1 - -2 - (14 + 9 - 16).
-1
What is the value of -17 + (11 - -8) + 11?
13
What is the value of -1 + 34 + (330 - 351)?
12
What is the value of 12 + -7 - -16 - (-29 - -38)?
12
What is (0 + -23 - (0 - 3)) + -2?
-22
Evaluate -2 - (31 + 2) - (1706 - 1717).
-24
Evaluate 26 + (-36 - -10) - (-2 - (1 - 7)).
-4
What is (17 - (5 + 9)) + (7 - 1)?
9
Evaluate 5 + (1 - 0) - 4 - 2.
0
Calculate 22 + (18 - 12 - 15).
13
Evaluate (11 - (-4 + -7)) + -9 - -5.
18
What is the value of -26 + -4 + (18 + -15 + 7 - -2)?
-18
Evaluate -4 + -14 + 15 - 14.
-17
0 - -14 - (25 + 0)
-11
What is (0 - -1) + -3 + (-2421 - -2428)?
5
What is the value of -13 + (16 - -9) + -2 - -14?
24
What is the value of -1 + (-20 - -8) + 25?
12
What is the value of 15 - (21 - (-5 - -16))?
5
-10 + 56 + -75 + 20 + -3
-12
Calculate -42 - -44 - (-8 + -2).
12
What is the value of (-9 + (-21 - -21) - (-16 - -1)) + 1?
7
Calculate 6 + 18 + -43 + 4.
-15
17 - (6 + 1 + 4 + -7)
13
What is the value of 2 + (-3 - -23 - 13)?
9
Evaluate -19 - (-18 - -19) - -29.
9
Calculate -3 - (2 - (23 - 20 - (-1 + -3))).
2
What is the value of (-3 + 21 - 2) + (88 - 86)?
18
Calculate -1 + -1 + -6 + 2 + 4 + -15.
-17
16 - (-11 + -2 + 8) - (7 - 0)
14
What is the value of -163 - -137 - (2 - 25)?
-3
What is the value of -15 + 2 + 104 + -96?
-5
What is the value of 2 - 5 - (-4 + -10)?
11
What is the value of -4 - 0 - -1 - -5?
2
(-10 + 3 - 2 - 2) + -4 + 18
3
What is (53 + -26 - 33) + (9 - 0)?
3
-17 - -53 - 27 - (1 + 0 + 0)
8
0 - (10 + 0 + -8 + 10)
-12
Evaluate (-10 + 17 + -8 - 9) + 13.
3
What is (-4 - -3) + -9 + (4 - 3 - 0)?
-9
What is the value of -2 + (2 - 1) + -51 + 41?
-11
Calculate -6 + (-1 - -11 - (10 + (-5 - 0))).
-1
Evaluate -12 + 23 + -16 + -11 + 0 - 10.
-26
What is the value of -48 - -18 - 0 - (5 + (6 - 17))?
-24
Calculate -9 - -6 - 20 - -12.
-11
Evaluate -22 + (23 - 12 - -5).
-6
Evaluate -25 + (-16 - -17) - -14.
-10
What is the value of -11 + 12 + -9 + 17 + 12?
21
(1 - 23 - (10 - 7)) + (-13 - -18)
-20
What is 4 + (12 + -3 - 12)?
1
What is (6 + -14 - (-9 + -15 + 26)) + 8?
-2
What is (5 - -5) + -13 + 7 + -2?
2
(-25 - -54 - 26) + -1 + 9
11
(-6 - (-13 - -21)) + 12
-2
What is the value of -2 + 29 - ((12 - 5) + 5)?
15
Evaluate 0 - 5 - (740 - 738).
-7
Evaluate 2 + -20 - (-88 + 72 - (-2 - 10)).
-14
What is the value of 156 - 156 - (-1 + (0 - -1) + -28)?
28
What is the value of (8 - (8 - 0)) + -6 + 0?
-6
1 + 24 + -1 + 0 - (14991 - 14983)
16
Calculate (13 - 6) + (-3 - 1 - (-32 + 21)).
14
-16 + (5 - 2) + 3
-10
What is -9 + 7 + 13 + -21 - -30?
20
Evaluate -52 + 52 - (-9 - 2).
11
Evaluate 4 + (-15 - 11 - -14).
-8
Calculate -17 - (11 - (7 + (12 - 4))).
-13
What is -16 + 8 + (-31 - (2 + -11))?
-30
What is (-2 + -2 - (-12 + (-3 - -5))) + -2?
4
What is the value of -19 + 8 + -3 + 12 + -23?
-25
Calculate -34 + 55 - (4 - ((-3 - -7) + -5)).
16
Evaluate (-24 - (6 + -7)) + 23 + -14.
-14
Evaluate (-2 - (-26 - -16)) + -25.
-17
What is the value of -29 - -24 - ((-26 - (-3 - -1)) + 3)?
16
Evaluate (-3 - -2) + (2 - (0 + 0)) + 8.
9
What is -17 - (-14 + -3) - (0 - 2)?
2
What is 8 + (-13 - (0 + -13)) + (-1 - 26)?
-19
Calculate 1 - (-9 - (-3 + -3) - 8).
12
Calculate 7 - 67 - (-213 + 172).
-19
4 - (-6 + 6 + 0)
4
Calculate -15 + 10 - (-9 - 3 - -5).
2
Evaluate -7 + (-4 - -8) - (3 - 10 - -5).
-1
What is -22 + -3 + (49 - 21)?
3
Evaluate -13 + 2 + 15 + -4 + (-8 - -4).
-4
What is 1 + (0 - (-3 + 4)) + -6?
-6
Evaluate 19 + -22 + -24 + 11.
-16
Evaluate 27 - (-11 + -13 + 32).
19
What is the value of (-53 - -69) + 8 + -3 + -7?
14
-12 + 1 - (-75 + 24 + 39)
1
(-19 - -12) + -30 - -33
-4
Calculate 19 - 22 - (12 - (-1 + 2)) - -3.
-11
-230 - -257 - (21 - (0 + 3))
9
-1 + -3 + 2 + 4 - 10
-8
4 + -3 + -20 + 17 + 2 - -25
25
Evaluate (1 - 12) + (48 - 44) - 2.
-9
What is the value of -21 - (-6 - (10 - (6 + (6 - 5))))?
-12
(-2 - (-2 + -1 + -3)) + 99 + -93
10
What is the value of 14 - 1 - ((18 - 20) + 4)?
11
What is -11 + (1 - (1 - -1) - (11 + -19))?
-4
Evaluate (-13 - (-1 - 0)) + 1 + 9.
-2
Calculate -2 - -3 - 1 - (2 + 31 + -34).
1
What is 13 - (3 + -18 + 24)?
4
What is the value of -15 + 7 + -8 + 34?
18
Calculate (16 - (1 - 3)) + (491 - 540).
-31
Evaluate 4 - ((12 - (1 + 5)) + -1) - 1.
-2
What is -9 - ((9 - (-7 - (-14 + 6))) + -5)?
-12
-14 + (-15 - -13) + 7
-9
28 + -52 + 50 - -14
40
Calculate -13 + (15 - (15 + -7)) + -7.
-13
What is the value of (-82 - -67 - (-32 - -7)) + -9 + 1?
2
What is 13 + (6 - 4) + -14?
1
What is -16 - (2 - (-23 + 24))?
-17
What is the value of -14 - (-6 + 2 + -7) - -6 - 29?
-26
What is -16 - (-23 - (-22 + -7))?
-22
What is -15 - (6 + (6 - (12 - -9)))?
-6
Evaluate (40 - (50 + -5)) + -2 + 38.
31
What is the value of 7 + -7 + -3 + 0?
-3
Calculate (0 - -8) + 2 - (2 + -7).
15
Calculate 18 - (-8 + 19 + 27).
-20
What is 5 + (27 - 22) - 34?
-24
What is -1 + -8 + 0 + 11 + 4 + -20?
-14
What is the value of 8 - -1 - ((-3 - -7 - 0) + 0)?
5
What is the value of -12 - (21 - (15 - -37))?
19
Evaluate -4 + (0 - ((6 - 6) + 6)).
-10
What is (-88 - -101) + (10 - (-1 - -4))?
20
What is (185 - 171) + 1 + -2?
13
What is -2 + 15 - (12 + (6 + -6 - 10))?
11
Evaluate -14 + 12 - (0 - -7 - 5).
-4
0 + -25 - (-151 - -150)
-24
Calculate (-13 - -18 - 12 - -18) + 19.
30
What is the value of -18 + (0 - -9) + 17?
8
What is the value of (-10 - (0 + 3) - -9) + (0 - 2)?
-6
-3 - ((7 - 3) + -14 + 17 - 9)
-1
What is the value of (29 - (14 - (9 + -2))) + (3 - -5)?
30
Evaluate -94 - -90 - (4 + 1).
-9
-6 + -1 - ((-13 - 0 - -16) + 9)
-19
What is -1 + -18 + -675 + 704?
10
(5 - (7 + 1)) + -5 + 7 + -36
-37
What is 11 + 1 - (-7 - (-10 + 1 + 3))?
13
Calculate (-20 - (9 - 13)) + 18.
2
Calculate (-42 - -13) + 38 + -14 + -1.
-6
What is the value of -223 + 229 + (9 - 0)?
15
Calculate (5 - (-1 - -18)) + -26 - (4 - 15).
-27
Evaluate (7 - 7) + 10 + -14 + 2.
-2
Evaluate 1155 + -1156 - (16 - (-1 - -2)).
-16
Evaluate (3 - 2) + 10 - (68 + -59).
2
Calculate -12 + 0 - (57 + -12 + -64).
7
-4 + (1 - (1 + 6)) + (77 - 58)
9
What is the value of -1 - -10 - (-13 + 19 + 23)?
-20
Evaluate (-36 - -45) + (-2 - (-3 + 2)) + -6.
2
Evaluate -3 + (-14 + 6 - -1).
-10
What is 6 + 34 + -14 + -19?
7
Evaluate -41 + -11 + 10 - -24.
-18
Calculate 1 - (-19 + 11 + -28).
37
Evaluate (2 - 3) + 7 + (10 - (-5 - -9)).
12
Evaluate (-14 - -33) + (-4 - 13) - 5.
-3
What is the value of (20 - 20 - (0 + -3)) + -18 + 6?
-9
Calculate 1 + -10 - (3 + -8 + -9).
5
Calculate 3 + (-18 + 1 - (9 - (-24 + 